
Is 61 a factor of 549?
True
Does 19 divide 4218?
True
Does 11 divide 2901?
False
Is 30115 a multiple of 31?
False
Is 1862 a multiple of 24?
False
Is 22011 a multiple of 69?
True
Is 169 a multiple of 2?
False
Is 6 a factor of 102?
True
Is 852 a multiple of 4?
True
Is 11 a factor of 965?
False
Does 195 divide 17160?
True
Is 5434 a multiple of 6?
False
Is 51 a factor of 1887?
True
Is 216 a multiple of 12?
True
Does 13 divide 3926?
True
Is 41 a factor of 3265?
False
Is 127 a factor of 51308?
True
Is 13 a factor of 99?
False
Is 72 a factor of 8208?
True
Is 61 a factor of 2852?
False
Does 10 divide 98870?
True
Does 73 divide 1606?
True
Is 97 a factor of 4656?
True
Is 50 a factor of 27150?
True
Is 384 a multiple of 2?
True
Does 4 divide 420?
True
Is 8568 a multiple of 190?
False
Is 21 a factor of 465?
False
Is 52 a factor of 94640?
True
Does 4 divide 108?
True
Is 31 a factor of 368?
False
Does 228 divide 35314?
False
Does 11 divide 3024?
False
Is 13 a factor of 56849?
True
Is 5332 a multiple of 32?
False
Does 21 divide 9035?
False
Is 54 a factor of 702?
True
Is 24 a factor of 1176?
True
Is 3184 a multiple of 96?
False
Is 660 a multiple of 15?
True
Does 52 divide 8130?
False
Is 13 a factor of 16230?
False
Is 30 a factor of 268?
False
Is 10095 a multiple of 92?
False
Is 79059 a multiple of 33?
False
Is 54 a factor of 712?
False
Does 9 divide 477?
True
Is 2314 a multiple of 89?
True
Does 23 divide 1311?
True
Does 9 divide 1025?
False
Does 77 divide 21640?
False
Is 45 a factor of 6570?
True
Is 17 a factor of 2113?
False
Does 22 divide 440?
True
Is 32 a factor of 2176?
True
Is 149 a factor of 1586?
False
Is 186 a multiple of 31?
True
Is 11 a factor of 473?
True
Is 494 a multiple of 19?
True
Is 5 a factor of 669?
False
Is 32 a factor of 8256?
True
Does 4 divide 4896?
True
Does 232 divide 75864?
True
Does 2 divide 379?
False
Is 87 a factor of 27405?
True
Does 8 divide 68812?
False
Is 11067 a multiple of 7?
True
Is 19 a factor of 3211?
True
Is 24 a factor of 96?
True
Does 39 divide 13338?
True
Is 9 a factor of 2893?
False
Is 21652 a multiple of 7?
False
Is 537 a multiple of 14?
False
Is 9 a multiple of 9?
True
Does 15 divide 547?
False
Is 290 a multiple of 10?
True
Does 20 divide 520?
True
Is 6164 a multiple of 60?
False
Does 201 divide 10050?
True
Does 23 divide 31?
False
Is 48742 a multiple of 169?
False
Does 35 divide 665?
True
Is 27 a factor of 21164?
False
Is 11 a factor of 36847?
False
Is 1887 a multiple of 15?
False
Is 9 a factor of 4458?
False
Does 101 divide 303?
True
Does 17 divide 52292?
True
Is 8251 a multiple of 35?
False
Is 2543 a multiple of 4?
False
Does 27 divide 3024?
True
Is 12288 a multiple of 128?
True
Is 18767 a multiple of 279?
False
Is 14184 a multiple of 18?
True
Does 56 divide 6245?
False
Does 41 divide 642?
False
Is 3444 a multiple of 7?
True
Is 9460 a multiple of 44?
True
Is 114 a factor of 14592?
True
Is 62 a factor of 17759?
False
Is 62048 a multiple of 32?
True
Is 151 a factor of 11608?
False
Is 6 a factor of 25392?
True
Is 928 a multiple of 58?
True
Does 62 divide 868?
True
Does 9 divide 1350?
True
Does 64 divide 6109?
False
Is 10 a factor of 4030?
True
Does 39 divide 105315?
False
Does 67 divide 4288?
True
Is 812 a multiple of 31?
False
Is 15652 a multiple of 13?
True
Does 229 divide 51754?
True
Is 9641 a multiple of 11?
False
Does 3 divide 1488?
True
Does 31 divide 80?
False
Does 100 divide 8125?
False
Is 3 a factor of 3825?
True
Is 1895 a multiple of 5?
True
Is 8 a factor of 1160?
True
Is 2081 a multiple of 86?
False
Is 77 a factor of 158?
False
Does 19 divide 114?
True
Does 31 divide 4813?
False
Does 149 divide 67794?
False
Does 7 divide 26503?
False
Does 11 divide 6578?
True
Is 4 a factor of 32416?
True
Does 10 divide 900?
True
Is 46 a factor of 2280?
False
Is 6831 a multiple of 33?
True
Is 20 a factor of 2360?
True
Is 5 a factor of 325?
True
Is 132 a multiple of 22?
True
Does 5 divide 210?
True
Is 88 a factor of 5456?
True
Is 1272 a multiple of 12?
True
Is 10739 a multiple of 6?
False
Does 137 divide 3812?
False
Is 28881 a multiple of 26?
False
Is 40 a factor of 5811?
False
Is 3740 a multiple of 15?
False
Is 3 a factor of 3282?
True
Is 7 a factor of 1379?
True
Is 40158 a multiple of 18?
True
Does 199 divide 55720?
True
Is 48 a factor of 778?
False
Does 11 divide 2057?
True
Is 5231 a multiple of 37?
False
Is 1782 a multiple of 9?
True
Is 718 a multiple of 12?
False
Is 14 a factor of 2114?
True
Is 1209 a multiple of 16?
False
Is 129 a multiple of 25?
False
Is 112 a factor of 3248?
True
Is 2911 a multiple of 71?
True
Does 30 divide 46620?
True
Is 30 a multiple of 2?
True
Is 49 a factor of 17911?
False
Does 2 divide 1593?
False
Is 14688 a multiple of 68?
True
Is 1815 a multiple of 5?
True
Does 180 divide 33660?
True
Does 78 divide 4758?
True
Is 5640 a multiple of 2?
True
Is 550 a multiple of 22?
True
Is 6 a factor of 324?
True
Is 143 a factor of 5990?
False
Does 16 divide 12224?
True
Is 9348 a multiple of 38?
True
Does 11 divide 847?
True
Is 1555 a multiple of 82?
False
Is 49 a factor of 539?
True
Is 21 a factor of 2394?
True
Does 79 divide 4468?
False
Is 182277 a multiple of 13?
False
Does 6 divide 4059?
False
Is 584 a multiple of 53?
False
Is 10 a factor of 2550?
True
Is 18639 a multiple of 25?
False
Is 94 a factor of 4700?
True
Is 15 a factor of 270?
True
Is 59 a multiple of 51?
False
Is 1442 a multiple of 14?
True
Is 32 a factor of 1637?
False
Is 18 a factor of 786?
False
Is 1257 a multiple of 9?
False
Does 17 divide 694?
False
Is 48803 a multiple of 156?
False
Does 21 divide 1302?
True
Is 14 a factor of 348?
False
Is 3920 a multiple of 20?
True
Is 537 a multiple of 7?
False
Is 2167 a multiple of 11?
True
Does 3 divide 4?
False
Does 3 divide 8052?
True
Is 5 a factor of 276?
False
Is 3956 a multiple of 17?
False
Is 20 a factor of 7800?
True
Is 21021 a multiple of 3?
True
Is 14 a factor of 2016?
True
Is 8536 a multiple of 97?
True
Is 7 a factor of 125?
False
Does 20 divide 20300?
True
Is 256 a multiple of 7?
False
Does 15 divide 7590?
True
Is 9 a factor of 2853?
True
Does 17 divide 578?
True
Does 48 divide 9936?
True
Is 45 a factor of 38520?
True
Is 37 a factor of 30895?
True
Is 610 a multiple of 25?
False
Is 30 a factor of 330?
True
Is 552 a multiple of 92?
True
Is 155 a factor of 9145?
True
Is 21 a factor of 651?
True
Does 29 divide 901?
False
Is 1947 a multiple of 11?
True
Does 2 divide 87?
False
Does 30 divide 4110?
True
Is 91 a factor of 4468?
False
Is 9 a factor of 594?
True
Is 12 a factor of 8222?
False
Does 229 divide 9618?
True
Is 450 a multiple of 9?
True
Is 20 a factor of 200?
True
Is 98 a factor of 3430?
True
Is 14 a factor of 4636?
False
Is 124 a multiple of 3?
False
Does 16 divide 64962?
False
Is 2362 a multiple of 10?
False
Does 45 divide 1194?
False
Does 16 divide 451?
False
Does 10 divide 22880?
True
Is 3 a factor of 823?
False
Is 54 a factor of 216?
True
Is 15 a factor of 23682?
False
Is 39 a factor of 3861?
True
Does 25 divide 1069?
False
Is 29 a factor of 844?
False
Does 29 divide 4263?
True
Is 13 a factor of 650?
True
Is 44580 a multiple of 25?
False
Is 23529 a multiple of 253?
True
Is 5 a factor of 1231?
False
Is 2 a factor of 100?
True
Is 27 a factor of 486?
True
Is 1143 a multiple of 35?
False
Does 38 divide 4674?
True
Is 99 a factor of 3794?
False
Is 3735 a multiple of 3?
True
Is 1947 a multiple of 33?
True
Is 49 a factor of 13622?
True
Is 62 a multiple of 23?
False
Is 762 a multiple of 25?
False
Is 1733 a multiple of 17?
False
Is 11 a factor of 264?
True
Is 35486 a multiple of 21?
False
Does 4 divide 2082?
False
Is 30 a factor of 1950?
True
Is 127 a multiple of 2?
False
Does 9 divide 134298?
True
Is 88 a factor of 4136?
True
Does 7 divide 321?
False
Is 9824 a multiple of 16?
True
Is 2 a factor of 45?
False
Is 84480 a multiple of 32?
True
Is 148 a multiple of 4?
True
Does 19 divide 1007?
True
Is 9 a factor of 2439?
True
Is 10 a factor of 11250?
True
Is 252 a factor of 10836?
True
Is 7040 a multiple of 40?
True
Is 3402 a multiple of 63?
True
Does 160 divide 9810?
False
Does 19 divide 342?
True
Does 156 divide 21996?
True
Does 24 divide 11544?
True
Is 31015 a multiple of 61?
False
Does 14 divide 17745?
False
Does 215 divide 2795?
True
Is 57 a factor of 12198?
True
Is 186 a multiple of 6?
True
I